 u be j(14). Calculate the greatest common divisor of u and 1331.
11
Let d be (-4)/((-8)/268*-1). Let k = 81 + d. Let f = -36 - k. Calculate the highest common divisor of f and 68.
17
Suppose -850*j - 15730 = -872*j. Calculate the highest common factor of 330 and j.
55
Let h = -583 - -603. Let o be h/(-4)*-13 - 1*5. Calculate the greatest common factor of o and 105.
15
Let o = -296 + 300. Suppose 5*w = -o*v + 700, 2*w = -v + 87 + 85. Suppose t = -3*n + 59, 2*n = t + 4*t + 45. What is the greatest common factor of v and n?
20
Suppose 10*a - 16*a = -7*a + 171. Calculate the greatest common factor of a and 48.
3
Let t be 75/20*1200/250. Let r(v) = -v**3 - 6*v**2 - 7*v - 7. Let f be r(-5). What is the greatest common divisor of t and f?
3
Let m(n) = n**3 + 4*n**2 - 3. Let b be m(-3). Suppose b*g + 17 = 65. What is the highest common divisor of g and 8?
8
Let x = -399 - -959. Calculate the greatest common factor of x and 98.
14
Let t be 16/(-56) + 873/(-7). Let v = t - -525. What is the greatest common factor of v and 50?
50
Suppose 0*m = -5*m. Let q = 10 + m. Suppose 4*f = -4*r + 4, -3 = -3*r - f + q. What is the highest common factor of 42 and r?
6
Suppose -d + 4*h + 58 = 0, -21*h = 3*d - 19*h - 132. Suppose -25*g = -d - 54. Let i = -1 + 2. What is the highest common factor of i and g?
1
Let i be 866/(-14) + 1/(-7). Let l = i - -87. Let d = -221 + 231. Calculate the highest common factor of l and d.
5
Suppose 10*y + 201 = 221. Let b = -386 + 602. Calculate the greatest common factor of y and b.
2
Let d(l) = 2*l + 8. Let n(j) = -j**2 - 14*j + 58. Let k be n(-17). Let c be d(k). Calculate the highest common divisor of c and 374.
22
Let v = 166 + -170. Let s be 19*(-5 + v)/(-1). Calculate the greatest common divisor of 38 and s.
19
Let r(w) = -w**2 - 24*w - 12. Let f be r(-23). Let m = f + 14. Suppose -15 = -j + m. Calculate the greatest common factor of 16 and j.
8
Let w(j) = -26*j - 754 - 9*j + 634. Let r be w(-9). Calculate the greatest common factor of 15 and r.
15
Suppose -10*b = -6*b + 5*w - 21, 2*b + 3*w - 9 = 0. Suppose 2*z + 72 = 4*z. Calculate the highest common divisor of b and z.
9
Suppose -3*f - 2*a - 291 - 59 = 0, -f - 126 = 3*a. Let m = -101 - f. What is the highest common factor of m and 104?
13
Suppose -2412 = 95*s - 104*s. Let h = 444 - s. What is the highest common divisor of 80 and h?
16
Suppose -8*a + 5*a + 87 = 0. Let p = 38 - a. Let r(m) = -73*m**3 - 2*m**2 - 2*m - 1. Let y be r(-1). Calculate the highest common divisor of p and y.
9
Let g be 0 + ((-19)/57 - (-16)/(-6)). Let l be ((-45)/(-175)*7)/(g/(-85)). Calculate the highest common divisor of 153 and l.
51
Let k(f) = 66*f**2 - 586*f - 18. Let p be k(9). Let v be (-372)/(-12) - (1 - 0). What is the highest common factor of p and v?
6
Let m = -484 + 0. Let w = m + 579. Calculate the highest common divisor of 19 and w.
19
Suppose -5*k - 7347 = -7492. Suppose 4*b + 438 = 5*s + b, s - 3*b = 90. What is the highest common divisor of k and s?
29
Let j(y) = y**3 + 158*y**2 - 1333*y + 60. Let x be j(8). Let q(l) = -l**3 + l**2 + l + 16. Let v be q(0). Calculate the highest common factor of v and x.
4
Suppose -w = 4*o - 1324, -o - 471 = -4*w + 4740. What is the greatest common factor of 5053 and w?
163
Suppose -5*v + 2*u + 2 = -40, u - 23 = -3*v. Suppose v*b - 146 = 14. Calculate the greatest common divisor of b and 20.
20
Suppose -46 - 74 = -3*w. Let r(u) = 923*u - 11994. Let g be r(13). Calculate the greatest common divisor of g and w.
5
Suppose -46*j - 244 + 658 = 0. What is the highest common factor of 711 and j?
9
Let n be (34/6 + -5)/((-272)/138 - -2). What is the greatest common factor of 2645 and n?
23
Let i(q) = 298*q**2 + 56*q + 7. Let y be i(5). Calculate the greatest common divisor of y and 6.
3
Let k = -2457 + 2534. What is the highest common factor of k and 319?
11
Let g be (1 + 5)/(6/116). Let w = -8399 - -8573. Calculate the greatest common divisor of w and g.
58
Let p(q) = -14*q**3 - 155*q**2 - 17*q - 45. Let c be p(-11). Calculate the greatest common divisor of 2121 and c.
21
Suppose 3*p = 28*k - 30*k + 58559, -97592 = -5*p + 3*k. What is the highest common divisor of 262 and p?
131
Suppose t = 5*m - 8212 + 2373, -2*m + 2337 = t. Calculate the highest common divisor of m and 32.
16
Let r(s) = 1118*s - 202. Let h be r(4). Calculate the greatest common divisor of h and 488.
122
Suppose 0 = -2*w + 21*x - 19*x + 28, -3*w + 34 = -x. Let v = -333 + 763. Calculate the highest common divisor of w and v.
10
Let l(z) = 833*z**2 - 103*z - 133. Let v be l(-7). What is the greatest common factor of 245 and v?
245
Let q be (0 + -1)/(11/(-33)). Suppose -q*y + 99 = -345. Let s = y - 106. What is the highest common divisor of 252 and s?
42
Suppose -16 = -3*t + t. Suppose 32 = -6*c - 2*d, 7*c - 10*c = -d + 8. Let j be ((-16)/(-3))/t*(-30)/c. What is the highest common factor of j and 55?
5
Let z = 24 - 13. Let n(b) = b**3 - 12*b**2 + 8*b + 23. Let d be n(z). Let u be 3 - 5/(-5) - d. What is the highest common divisor of 112 and u?
14
Suppose -94*c + 22077 - 4969 = 0. What is the highest common divisor of c and 18746?
182
Let s(x) = x**2 - 109*x - 1316. Let j be s(-13). Calculate the greatest common factor of j and 1278.
18
Let v be 207 + -65 + 9/(-3). What is the greatest common divisor of v and 4?
1
Let v = -498 + 966. Suppose 602*r - 605*r = -v. What is the highest common divisor of 52 and r?
52
Suppose 0*o + 2500 - 2499 = o. What is the highest common divisor of o and 580?
1
Let s = -1284 - -2177. Let p = s - 638. Calculate the highest common factor of p and 15.
15
Let m = 0 - -6. Let w = -186 - -191. Suppose -g + w = -i - 2, 2*g - 10 = -2*i. Calculate the highest common factor of m and g.
6
Let o = -7933 + 7971. Calculate the greatest common factor of 3382 and o.
38
Suppose 3*z - 490 = 2*k, z + 3*k = -k + 140. Suppose -5*c + 7*c - z = 0. Let t = -61 + 81. Calculate the greatest common factor of t and c.
20
Suppose 26*d - 27*d + 3*h = 14, -4*d + 28 = 2*h. Let q(r) = -r**3 + 2*r**2 + 4*r - 2. Let m be q(3). Calculate the highest common divisor of m and d.
1
Suppose -19*p - 7*p = -416. Calculate the highest common factor of p and 28.
4
Suppose -12 = -25*f + 20*f + 2*l, 4*l + 14 = 5*f. What is the highest common factor of f and 118?
2
Let q be (-3)/(-12)*-23*-4. Let j be (2 + -2)*18/36. Let d be (588/72 - 12)*(j + -6). Calculate the greatest common divisor of q and d.
23
Let l(x) = -1 + 7*x + 2 - 3. Let r be l(1). Suppose 4 = s - r. Calculate the highest common factor of s and 117.
9
Suppose 82*j - 91 = 28 - 37. Suppose -x + 4*t + 20 = 0, -4*x - x - 5*t + 25 = 0. Calculate the highest common divisor of j and x.
1
Let w be (-2 + -1)/((-711)/25122). What is the highest common factor of 477 and w?
53
Suppose 155*m - 152*m + 3*t = 138, 4*t + 236 = 6*m. Calculate the highest common factor of m and 32382.
42
Let q = -227 - -224. Let x = q + 81. Calculate the greatest common divisor of 26 and x.
26
Let b = -227 - -360. Let t be (77/(-14) - 4)*(-1 - 1). Calculate the greatest common divisor of t and b.
19
Suppose d - 5 - 5 = 3*u, -4*d - 16 = 2*u. Let j be -2 - 10/(d - 0). Let z be (j/(-5))/((-2)/40). Calculate the highest common divisor of 4 and z.
4
Let s = 15452 + -13102. What is the highest common factor of 20 and s?
10
Let a(d) be the second derivative of -1/12*d**4 + 3/4*d**5 - 1/2*d**2 + 11*d + 0 + 1/3*d**3. Let u be a(1). Calculate the greatest common divisor of u and 45.
15
Suppose 1293*w - 14469 = 1286*w. What is the greatest common factor of w and 78?
39
Suppose 2517 + 123 = -16*v. Let r be (891/v)/(1/(-10)). Calculate the highest common factor of r and 81.
27
Let r be 2202 + 1 - (-17 - -31 - 7). What is the greatest common factor of 12 and r?
12
Suppose -j + 163*z = 159*z - 420, -4*j + 5*z = -1669. Calculate the highest common factor of 26 and j.
26
Let z be (-32)/(-20)*220/(-8). Let q = -8 - z. Suppose c - 9 = -0*c. What is the greatest common factor of q and c?
9
Suppose 186 = 2*y + 5*n, 5*n - 700 = -5*y - 280. What is the highest common divisor of 2418 and y?
78
Let m = 85 - 41. Suppose -52*u + 22 = -186. Calculate the highest common divisor of m and u.
4
Suppose 22*g + 46*g - 612 = 0. Let p = 237 + 42. What is the highest common divisor of p and g?
9
Suppose 0 = 657*c - 